{"id":8573,"date":"2020-08-06T14:01:00","date_gmt":"2020-08-06T13:01:00","guid":{"rendered":"http:\/\/www.studio-irresistible.com\/creation-book\/?page_id=8573"},"modified":"2020-08-06T14:12:39","modified_gmt":"2020-08-06T13:12:39","slug":"chloe-verlhac-directrice-associee-directrice-de-projet","status":"publish","type":"page","link":"https:\/\/studio-irresistible.com\/creation-book\/chloe-verlhac-directrice-associee-directrice-de-projet\/","title":{"rendered":"Chlo\u00e9 Verlhac \/ Directrice associ\u00e9e &#8211; Directrice de Projet"},"content":{"rendered":"<p>Chlo\u00e9 TIGNOUS, directrice de projets, chef de projet, \u00e9ditrice, conf\u00e9renci\u00e8re, est directrice associ\u00e9e avec <a href=\"http:\/\/www.studio-irresistible.com\/creation-book\/design-art-director-jerome-liniger\/\">J. LINIGER<\/a> et <a href=\"http:\/\/www.studio-irresistible.com\/creation-book\/digital-art-director-nicolas-jacquette\/\">N. JACQUETTE<\/a>, de l&rsquo;agence Si, fond\u00e9 en 2009 sous le nom de Studio Irresistible.<\/p>\n<p>Dipl\u00f4m\u00e9e en Arts du Spectacle Th\u00e9\u00e2tre et en Histoire de l\u2019Art, Chlo\u00e9 Verlhac a travaill\u00e9 comme Charg\u00e9e de diffusion pour des compagnies de th\u00e9\u00e2tre et de danse. Mais aussi comme Attach\u00e9e de presse et Relations Publiques dans le milieu du dessin et de la musique. Elle s\u2019est ensuite li\u00e9e au Th\u00e9\u00e2tre du Caveau de la R\u00e9publique puis du R\u00e9publique.<\/p>\n<p>Epouse du dessinateur Tignous, elle l&rsquo;a toujours assist\u00e9 et travaill\u00e9 avec, jusqu&rsquo;\u00e0 son assassinat en 2015. C\u2019est donc tout naturellement qu\u2019aujourd\u2019hui elle continue son travail et publie des recueils et livres de dessins de Tignous, organise des expositions et parcourt la France pour donner des conf\u00e9rences sur le travail de TIGNOUS et la libert\u00e9 d\u2019expression en rencontrant aussi les publics scolaires.<\/p>\n<p>En 2020, elle publie sous sa plume son r\u00e9cit du 7 janvier et des ann\u00e9es qui ont suivi \u00ab\u00a0Si tu meurs, je te tue\u00a0\u00bb, passant d\u2019\u00e9ditrice \u00e0 autrice, une catharsis n\u00e9cessaire pour survivre, pouvoir enfin dire au-revoir \u00e0 TIGNOUS avec s\u00e9r\u00e9nit\u00e9 et vivre \u00e0 nouveau.<\/p>\n<p>&nbsp;<\/p>\n<a href=\"http:\/\/www.studio-irresistible.com\/creation-book\/wp-content\/uploads\/2020\/08\/Agence-si_chloe-verlhac-web.jpg\" data-rel=\"lightbox-image-0\" data-rl_title=\"\" data-rl_caption=\"\" title=\"\"><img loading=\"lazy\" decoding=\"async\" class=\"alignnone size-full wp-image-8575\" src=\"http:\/\/www.studio-irresistible.com\/creation-book\/wp-content\/uploads\/2020\/08\/Agence-si_chloe-verlhac-web.jpg\" alt=\"\" width=\"800\" height=\"957\" srcset=\"https:\/\/studio-irresistible.com\/creation-book\/wp-content\/uploads\/2020\/08\/Agence-si_chloe-verlhac-web.jpg 800w, https:\/\/studio-irresistible.com\/creation-book\/wp-content\/uploads\/2020\/08\/Agence-si_chloe-verlhac-web-251x300.jpg 251w, https:\/\/studio-irresistible.com\/creation-book\/wp-content\/uploads\/2020\/08\/Agence-si_chloe-verlhac-web-768x919.jpg 768w, https:\/\/studio-irresistible.com\/creation-book\/wp-content\/uploads\/2020\/08\/Agence-si_chloe-verlhac-web-200x239.jpg 200w, https:\/\/studio-irresistible.com\/creation-book\/wp-content\/uploads\/2020\/08\/Agence-si_chloe-verlhac-web-430x514.jpg 430w, https:\/\/studio-irresistible.com\/creation-book\/wp-content\/uploads\/2020\/08\/Agence-si_chloe-verlhac-web-660x790.jpg 660w, https:\/\/studio-irresistible.com\/creation-book\/wp-content\/uploads\/2020\/08\/Agence-si_chloe-verlhac-web-620x742.jpg 620w\" sizes=\"auto, (max-width: 800px) 100vw, 800px\" \/><\/a>\n","protected":false},"excerpt":{"rendered":"<p>Chlo\u00e9 TIGNOUS, directrice de projets, chef de projet, \u00e9ditrice, conf\u00e9renci\u00e8re, est directrice associ\u00e9e avec J. LINIGER et N. JACQUETTE, de l&rsquo;agence Si, fond\u00e9 en 2009 sous le nom de Studio Irresistible. Dipl\u00f4m\u00e9e en Arts du Spectacle Th\u00e9\u00e2tre et en Histoire de l\u2019Art, Chlo\u00e9 Verlhac a travaill\u00e9 comme Charg\u00e9e de diffusion pour des compagnies de th\u00e9\u00e2tre [&hellip;]<\/p>\n","protected":false},"author":1,"featured_media":8575,"parent":0,"menu_order":0,"comment_status":"closed","ping_status":"closed","template":"","meta":{"_acf_changed":false,"_uag_custom_page_level_css":"","footnotes":""},"categories":[],"tags":[],"class_list":["post-8573","page","type-page","status-publish","has-post-thumbnail","hentry"],"acf":[],"yoast_head":"<!-- This site is optimized with the Yoast SEO plugin v27.4 - https:\/\/yoast.com\/product\/yoast-seo-wordpress\/ -->\n<title>Chlo\u00e9 Verlhac \/ Directrice associ\u00e9e - Directrice de Projet - studio-irresistible - le book<\/title>\n<meta name=\"robots\" content=\"index, follow, max-snippet:-1, max-image-preview:large, max-video-preview:-1\" \/>\n<link rel=\"canonical\" href=\"https:\/\/studio-irresistible.com\/creation-book\/chloe-verlhac-directrice-associee-directrice-de-projet\/\" \/>\n<meta property=\"og:locale\" content=\"fr_FR\" \/>\n<meta property=\"og:type\" content=\"article\" \/>\n<meta property=\"og:title\" content=\"Chlo\u00e9 Verlhac \/ Directrice associ\u00e9e - Directrice de Projet - studio-irresistible - le book\" \/>\n<meta property=\"og:description\" content=\"Chlo\u00e9 TIGNOUS, directrice de projets, chef de projet, \u00e9ditrice, conf\u00e9renci\u00e8re, est directrice associ\u00e9e avec J. LINIGER et N. JACQUETTE, de l&rsquo;agence Si, fond\u00e9 en 2009 sous le nom de Studio Irresistible. Dipl\u00f4m\u00e9e en Arts du Spectacle Th\u00e9\u00e2tre et en Histoire de l\u2019Art, Chlo\u00e9 Verlhac a travaill\u00e9 comme Charg\u00e9e de diffusion pour des compagnies de th\u00e9\u00e2tre [&hellip;]\" \/>\n<meta property=\"og:url\" content=\"https:\/\/studio-irresistible.com\/creation-book\/chloe-verlhac-directrice-associee-directrice-de-projet\/\" \/>\n<meta property=\"og:site_name\" content=\"studio-irresistible - le book\" \/>\n<meta property=\"article:modified_time\" content=\"2020-08-06T13:12:39+00:00\" \/>\n<meta property=\"og:image\" content=\"https:\/\/studio-irresistible.com\/creation-book\/wp-content\/uploads\/2020\/08\/Agence-si_chloe-verlhac-web.jpg\" \/>\n\t<meta property=\"og:image:width\" content=\"800\" \/>\n\t<meta property=\"og:image:height\" content=\"957\" \/>\n\t<meta property=\"og:image:type\" content=\"image\/jpeg\" \/>\n<meta name=\"twitter:card\" content=\"summary_large_image\" \/>\n<meta name=\"twitter:label1\" content=\"Dur\u00e9e de lecture estim\u00e9e\" \/>\n\t<meta name=\"twitter:data1\" content=\"1 minute\" \/>\n<script type=\"application\/ld+json\" class=\"yoast-schema-graph\">{\"@context\":\"https:\\\/\\\/schema.org\",\"@graph\":[{\"@type\":\"WebPage\",\"@id\":\"https:\\\/\\\/studio-irresistible.com\\\/creation-book\\\/chloe-verlhac-directrice-associee-directrice-de-projet\\\/\",\"url\":\"https:\\\/\\\/studio-irresistible.com\\\/creation-book\\\/chloe-verlhac-directrice-associee-directrice-de-projet\\\/\",\"name\":\"Chlo\u00e9 Verlhac \\\/ Directrice associ\u00e9e - Directrice de Projet - studio-irresistible - le book\",\"isPartOf\":{\"@id\":\"https:\\\/\\\/studio-irresistible.com\\\/creation-book\\\/#website\"},\"primaryImageOfPage\":{\"@id\":\"https:\\\/\\\/studio-irresistible.com\\\/creation-book\\\/chloe-verlhac-directrice-associee-directrice-de-projet\\\/#primaryimage\"},\"image\":{\"@id\":\"https:\\\/\\\/studio-irresistible.com\\\/creation-book\\\/chloe-verlhac-directrice-associee-directrice-de-projet\\\/#primaryimage\"},\"thumbnailUrl\":\"https:\\\/\\\/studio-irresistible.com\\\/creation-book\\\/wp-content\\\/uploads\\\/2020\\\/08\\\/Agence-si_chloe-verlhac-web.jpg\",\"datePublished\":\"2020-08-06T13:01:00+00:00\",\"dateModified\":\"2020-08-06T13:12:39+00:00\",\"breadcrumb\":{\"@id\":\"https:\\\/\\\/studio-irresistible.com\\\/creation-book\\\/chloe-verlhac-directrice-associee-directrice-de-projet\\\/#breadcrumb\"},\"inLanguage\":\"fr-FR\",\"potentialAction\":[{\"@type\":\"ReadAction\",\"target\":[\"https:\\\/\\\/studio-irresistible.com\\\/creation-book\\\/chloe-verlhac-directrice-associee-directrice-de-projet\\\/\"]}]},{\"@type\":\"ImageObject\",\"inLanguage\":\"fr-FR\",\"@id\":\"https:\\\/\\\/studio-irresistible.com\\\/creation-book\\\/chloe-verlhac-directrice-associee-directrice-de-projet\\\/#primaryimage\",\"url\":\"https:\\\/\\\/studio-irresistible.com\\\/creation-book\\\/wp-content\\\/uploads\\\/2020\\\/08\\\/Agence-si_chloe-verlhac-web.jpg\",\"contentUrl\":\"https:\\\/\\\/studio-irresistible.com\\\/creation-book\\\/wp-content\\\/uploads\\\/2020\\\/08\\\/Agence-si_chloe-verlhac-web.jpg\",\"width\":800,\"height\":957},{\"@type\":\"BreadcrumbList\",\"@id\":\"https:\\\/\\\/studio-irresistible.com\\\/creation-book\\\/chloe-verlhac-directrice-associee-directrice-de-projet\\\/#breadcrumb\",\"itemListElement\":[{\"@type\":\"ListItem\",\"position\":1,\"name\":\"Accueil\",\"item\":\"https:\\\/\\\/studio-irresistible.com\\\/creation-book\\\/\"},{\"@type\":\"ListItem\",\"position\":2,\"name\":\"Chlo\u00e9 Verlhac \\\/ Directrice associ\u00e9e &#8211; Directrice de Projet\"}]},{\"@type\":\"WebSite\",\"@id\":\"https:\\\/\\\/studio-irresistible.com\\\/creation-book\\\/#website\",\"url\":\"https:\\\/\\\/studio-irresistible.com\\\/creation-book\\\/\",\"name\":\"studio-irresistible - le book\",\"description\":\"studio de cr\u00e9ation graphique \u00e0 Paris\",\"potentialAction\":[{\"@type\":\"SearchAction\",\"target\":{\"@type\":\"EntryPoint\",\"urlTemplate\":\"https:\\\/\\\/studio-irresistible.com\\\/creation-book\\\/?s={search_term_string}\"},\"query-input\":{\"@type\":\"PropertyValueSpecification\",\"valueRequired\":true,\"valueName\":\"search_term_string\"}}],\"inLanguage\":\"fr-FR\"}]}<\/script>\n<!-- \/ Yoast SEO plugin. -->","yoast_head_json":{"title":"Chlo\u00e9 Verlhac \/ Directrice associ\u00e9e - Directrice de Projet - studio-irresistible - le book","robots":{"index":"index","follow":"follow","max-snippet":"max-snippet:-1","max-image-preview":"max-image-preview:large","max-video-preview":"max-video-preview:-1"},"canonical":"https:\/\/studio-irresistible.com\/creation-book\/chloe-verlhac-directrice-associee-directrice-de-projet\/","og_locale":"fr_FR","og_type":"article","og_title":"Chlo\u00e9 Verlhac \/ Directrice associ\u00e9e - Directrice de Projet - studio-irresistible - le book","og_description":"Chlo\u00e9 TIGNOUS, directrice de projets, chef de projet, \u00e9ditrice, conf\u00e9renci\u00e8re, est directrice associ\u00e9e avec J. LINIGER et N. JACQUETTE, de l&rsquo;agence Si, fond\u00e9 en 2009 sous le nom de Studio Irresistible. Dipl\u00f4m\u00e9e en Arts du Spectacle Th\u00e9\u00e2tre et en Histoire de l\u2019Art, Chlo\u00e9 Verlhac a travaill\u00e9 comme Charg\u00e9e de diffusion pour des compagnies de th\u00e9\u00e2tre [&hellip;]","og_url":"https:\/\/studio-irresistible.com\/creation-book\/chloe-verlhac-directrice-associee-directrice-de-projet\/","og_site_name":"studio-irresistible - le book","article_modified_time":"2020-08-06T13:12:39+00:00","og_image":[{"width":800,"height":957,"url":"https:\/\/studio-irresistible.com\/creation-book\/wp-content\/uploads\/2020\/08\/Agence-si_chloe-verlhac-web.jpg","type":"image\/jpeg"}],"twitter_card":"summary_large_image","twitter_misc":{"Dur\u00e9e de lecture estim\u00e9e":"1 minute"},"schema":{"@context":"https:\/\/schema.org","@graph":[{"@type":"WebPage","@id":"https:\/\/studio-irresistible.com\/creation-book\/chloe-verlhac-directrice-associee-directrice-de-projet\/","url":"https:\/\/studio-irresistible.com\/creation-book\/chloe-verlhac-directrice-associee-directrice-de-projet\/","name":"Chlo\u00e9 Verlhac \/ Directrice associ\u00e9e - Directrice de Projet - studio-irresistible - le book","isPartOf":{"@id":"https:\/\/studio-irresistible.com\/creation-book\/#website"},"primaryImageOfPage":{"@id":"https:\/\/studio-irresistible.com\/creation-book\/chloe-verlhac-directrice-associee-directrice-de-projet\/#primaryimage"},"image":{"@id":"https:\/\/studio-irresistible.com\/creation-book\/chloe-verlhac-directrice-associee-directrice-de-projet\/#primaryimage"},"thumbnailUrl":"https:\/\/studio-irresistible.com\/creation-book\/wp-content\/uploads\/2020\/08\/Agence-si_chloe-verlhac-web.jpg","datePublished":"2020-08-06T13:01:00+00:00","dateModified":"2020-08-06T13:12:39+00:00","breadcrumb":{"@id":"https:\/\/studio-irresistible.com\/creation-book\/chloe-verlhac-directrice-associee-directrice-de-projet\/#breadcrumb"},"inLanguage":"fr-FR","potentialAction":[{"@type":"ReadAction","target":["https:\/\/studio-irresistible.com\/creation-book\/chloe-verlhac-directrice-associee-directrice-de-projet\/"]}]},{"@type":"ImageObject","inLanguage":"fr-FR","@id":"https:\/\/studio-irresistible.com\/creation-book\/chloe-verlhac-directrice-associee-directrice-de-projet\/#primaryimage","url":"https:\/\/studio-irresistible.com\/creation-book\/wp-content\/uploads\/2020\/08\/Agence-si_chloe-verlhac-web.jpg","contentUrl":"https:\/\/studio-irresistible.com\/creation-book\/wp-content\/uploads\/2020\/08\/Agence-si_chloe-verlhac-web.jpg","width":800,"height":957},{"@type":"BreadcrumbList","@id":"https:\/\/studio-irresistible.com\/creation-book\/chloe-verlhac-directrice-associee-directrice-de-projet\/#breadcrumb","itemListElement":[{"@type":"ListItem","position":1,"name":"Accueil","item":"https:\/\/studio-irresistible.com\/creation-book\/"},{"@type":"ListItem","position":2,"name":"Chlo\u00e9 Verlhac \/ Directrice associ\u00e9e &#8211; Directrice de Projet"}]},{"@type":"WebSite","@id":"https:\/\/studio-irresistible.com\/creation-book\/#website","url":"https:\/\/studio-irresistible.com\/creation-book\/","name":"studio-irresistible - le book","description":"studio de cr\u00e9ation graphique \u00e0 Paris","potentialAction":[{"@type":"SearchAction","target":{"@type":"EntryPoint","urlTemplate":"https:\/\/studio-irresistible.com\/creation-book\/?s={search_term_string}"},"query-input":{"@type":"PropertyValueSpecification","valueRequired":true,"valueName":"search_term_string"}}],"inLanguage":"fr-FR"}]}},"uagb_featured_image_src":{"full":["https:\/\/studio-irresistible.com\/creation-book\/wp-content\/uploads\/2020\/08\/Agence-si_chloe-verlhac-web.jpg",800,957,false],"thumbnail":["https:\/\/studio-irresistible.com\/creation-book\/wp-content\/uploads\/2020\/08\/Agence-si_chloe-verlhac-web-150x150.jpg",150,150,true],"medium":["https:\/\/studio-irresistible.com\/creation-book\/wp-content\/uploads\/2020\/08\/Agence-si_chloe-verlhac-web-251x300.jpg",251,300,true],"medium_large":["https:\/\/studio-irresistible.com\/creation-book\/wp-content\/uploads\/2020\/08\/Agence-si_chloe-verlhac-web-768x919.jpg",768,919,true],"large":["https:\/\/studio-irresistible.com\/creation-book\/wp-content\/uploads\/2020\/08\/Agence-si_chloe-verlhac-web.jpg",800,957,false],"1536x1536":["https:\/\/studio-irresistible.com\/creation-book\/wp-content\/uploads\/2020\/08\/Agence-si_chloe-verlhac-web.jpg",800,957,false],"2048x2048":["https:\/\/studio-irresistible.com\/creation-book\/wp-content\/uploads\/2020\/08\/Agence-si_chloe-verlhac-web.jpg",800,957,false],"mailpoet_newsletter_max":["https:\/\/studio-irresistible.com\/creation-book\/wp-content\/uploads\/2020\/08\/Agence-si_chloe-verlhac-web.jpg",800,957,false],"menu-24x24":["https:\/\/studio-irresistible.com\/creation-book\/wp-content\/uploads\/2020\/08\/Agence-si_chloe-verlhac-web.jpg",20,24,false],"menu-36x36":["https:\/\/studio-irresistible.com\/creation-book\/wp-content\/uploads\/2020\/08\/Agence-si_chloe-verlhac-web.jpg",30,36,false],"menu-48x48":["https:\/\/studio-irresistible.com\/creation-book\/wp-content\/uploads\/2020\/08\/Agence-si_chloe-verlhac-web.jpg",40,48,false]},"uagb_author_info":{"display_name":"irresistible","author_link":"https:\/\/studio-irresistible.com\/creation-book\/projets\/author\/irresistible\/"},"uagb_comment_info":0,"uagb_excerpt":"Chlo\u00e9 TIGNOUS, directrice de projets, chef de projet, \u00e9ditrice, conf\u00e9renci\u00e8re, est directrice associ\u00e9e avec J. LINIGER et N. JACQUETTE, de l&rsquo;agence Si, fond\u00e9 en 2009 sous le nom de Studio Irresistible. Dipl\u00f4m\u00e9e en Arts du Spectacle Th\u00e9\u00e2tre et en Histoire de l\u2019Art, Chlo\u00e9 Verlhac a travaill\u00e9 comme Charg\u00e9e de diffusion pour des compagnies de th\u00e9\u00e2tre\u2026","_links":{"self":[{"href":"https:\/\/studio-irresistible.com\/creation-book\/wp-json\/wp\/v2\/pages\/8573","targetHints":{"allow":["GET"]}}],"collection":[{"href":"https:\/\/studio-irresistible.com\/creation-book\/wp-json\/wp\/v2\/pages"}],"about":[{"href":"https:\/\/studio-irresistible.com\/creation-book\/wp-json\/wp\/v2\/types\/page"}],"author":[{"embeddable":true,"href":"https:\/\/studio-irresistible.com\/creation-book\/wp-json\/wp\/v2\/users\/1"}],"replies":[{"embeddable":true,"href":"https:\/\/studio-irresistible.com\/creation-book\/wp-json\/wp\/v2\/comments?post=8573"}],"version-history":[{"count":0,"href":"https:\/\/studio-irresistible.com\/creation-book\/wp-json\/wp\/v2\/pages\/8573\/revisions"}],"wp:featuredmedia":[{"embeddable":true,"href":"https:\/\/studio-irresistible.com\/creation-book\/wp-json\/wp\/v2\/media\/8575"}],"wp:attachment":[{"href":"https:\/\/studio-irresistible.com\/creation-book\/wp-json\/wp\/v2\/media?parent=8573"}],"wp:term":[{"taxonomy":"category","embeddable":true,"href":"https:\/\/studio-irresistible.com\/creation-book\/wp-json\/wp\/v2\/categories?post=8573"},{"taxonomy":"post_tag","embeddable":true,"href":"https:\/\/studio-irresistible.com\/creation-book\/wp-json\/wp\/v2\/tags?post=8573"}],"curies":[{"name":"wp","href":"https:\/\/api.w.org\/{rel}","templated":true}]}}